 be i(-38). What is the hundreds digit of (-3)/a + (-12332)/(-24)?
5
Let n = 17105 - -11503. What is the thousands digit of n?
8
Let p(w) = -68 - 12*w - 7*w**2 + 10*w**2 - w - 36*w**3 - 7*w - w**2. What is the hundreds digit of p(-3)?
9
Let i(d) = 56*d**3 + d**2 + 3*d + 8. Let f be i(-2). Let n = f - -1152. Suppose 23*j - n = 18*j. What is the units digit of j?
2
Let z(x) = -119*x - 34. Let k(a) = 40*a + 11. Let i(c) = -8*k(c) - 3*z(c). Let h be i(5). Suppose -5*n + h = -281. What is the units digit of n?
6
Suppose -129*f + 671279 = -924451. What is the hundreds digit of f?
3
Let a(h) = -2*h**3 - 28*h**2 + 123*h + 126. What is the ten thousands digit of a(-25)?
1
Suppose -8*b + 13682 = -3*b - 25753. What is the tens digit of b?
8
Let w be (11/(-2) + 9)*2. Suppose -3*z - 4*o + 2517 = 0, -2*z - w*o = -3*o - 1678. What is the hundreds digit of z?
8
Let n(s) = 0*s + 5*s**2 + 3 - s**2 - s**2 + 2*s. Let l be n(-7). Suppose 2*a = -4*p + 52, 4*p - l = a - 6*a. What is the units digit of a?
8
Let d(z) = 154*z - 6. Suppose -4*c + 9 = -c. What is the hundreds digit of d(c)?
4
Suppose 34 = 12*j + 226. Let z(k) = 4*k**2 + 32*k + 9. What is the hundreds digit of z(j)?
5
Let b be (-85714)/(-3)*(-144)/(-96). Suppose 42*t - b = -1151. What is the tens digit of t?
9
Suppose 1814652 - 7025662 = -94*a + 9*a. What is the hundreds digit of a?
3
What is the thousands digit of (-2)/(-10) - (-6 - 58/(-10))*5369?
1
Suppose -2*z = 4*o - 10, z + 2*o - 25 = -4*z. Let u(m) = 11*m + 15. Let w(n) = 22*n + 31. Let d(f) = 9*u(f) - 4*w(f). What is the tens digit of d(z)?
6
Let h = 1 + 1. Suppose 3*w + 36 = -17*m + 19*m, 2*m - 28 = 2*w. Let f = h - w. What is the units digit of f?
0
Suppose 2*a = 5*h + 2, -3*h = -60*a + 55*a + 24. What is the units digit of (-4)/a - (524/(-3) + -11)?
5
Let d be 6/(-18)*-25 + 3/(-9). What is the units digit of -144*((-196)/d)/7?
4
Let s = 80 - 78. Let q(a) = -4*a - 2*a - 7 + s*a + 8*a + 9*a**2. What is the units digit of q(-4)?
1
Suppose 3*o + 3*m = 24765, 120*o + 2*m + 8267 = 121*o. What is the hundreds digit of o?
2
Let d(n) = 3*n - 10*n + 8 - 11. Let t be d(-1). Suppose -2*g + 214 = -7*p + 4*p, 0 = -g + t*p + 112. What is the units digit of g?
4
Let q = -30349 + 60180. What is the tens digit of q?
3
Let w = 555 + 32711. What is the units digit of w?
6
Suppose -16 = -c - 4*g - 761, c + 2*g = -741. Let h = 876 - c. What is the hundreds digit of h?
6
Let m = -1435 - -1432. Let n(b) be the third derivative of 3*b**5/20 + 3*b**4/8 + 2*b**3/3 + b**2. What is the units digit of n(m)?
8
Let h = 192 + -167. Suppose 24*r = h*r - 167. What is the units digit of r?
7
Let d(l) = 38*l**2 - 43*l**2 - l + 21 - 20 + 82*l**2. Let u be (-4)/(-8)*(-6)/(-3). What is the units digit of d(u)?
7
Let w be (-3)/(-6) - (-2292)/24. Suppose -w = -v + 585. What is the tens digit of v?
8
Let a = 1873 - 1877. Let b(i) be the second derivative of -i**5/10 - i**4/3 - i**3 - i. What is the units digit of b(a)?
8
Suppose 45*t + 137*t = -37*t + 3919224. What is the thousands digit of t?
7
Suppose 3*b = 8*b + 370. What is the units digit of ((-21)/(-63))/(-2 + b/(-36))?
6
Let b(z) = 40*z + 104*z**2 - 28*z - 20*z + 6 + 123*z**2. What is the tens digit of b(2)?
9
Let z = -1886 - -3113. What is the hundreds digit of z?
2
Suppose -158885 - 33085 = -45*s. What is the thousands digit of s?
4
Let l = 12 + -7. Let g(m) = -m**3 + 17*m**2 - 15*m + 17. Let i be g(12). Suppose 4*x = l*j - i, x - 3*x = 3*j - 321. What is the units digit of j?
9
Let a = -57 + 238. Let i = a + -102. Suppose 5*w = 304 - i. What is the units digit of w?
5
Suppose -2*o - 2*q = -2, -o = -q - 13 + 6. What is the units digit of o/(-32) - (-8370)/16?
3
Suppose -2*r - 17*r = -261915 - 408386. What is the hundreds digit of r?
2
Let j(n) = 926*n + 2717. What is the ten thousands digit of j(20)?
2
Suppose 3*q - 5*t = 2809 - 721, 2*q - 1392 = t. Suppose 21*h + q - 2523 = 0. What is the units digit of h?
7
Suppose -g = -5*y - 1679 + 317, 2*g = -3*y + 2789. Suppose -3*v + g = 3*q - 842, 5*q + v = 3727. What is the units digit of q?
6
Suppose 302*k + 125862 = 324*k. What is the units digit of k?
1
Let g(r) = 15*r + 156. Let s be g(15). Suppose 0 = 4*q - 2*n - 189 - 113, n - s = -5*q. What is the units digit of q?
6
Let b(q) = 269*q - 4729. What is the tens digit of b(42)?
6
Let l(z) = 3*z**2 + 30*z + 27115. What is the hundreds digit of l(0)?
1
Let h = -33923 + 72723. What is the units digit of h?
0
Suppose 786*b + 36 = 790*b, 0 = -r - 2*b + 42850. What is the tens digit of r?
3
Let n(k) = 3*k**3 - 4*k**2 - 2*k + 11. Let w be n(5). Let f = w - 56. What is the tens digit of f?
2
Suppose 1184 = 11*j - 7*j. Suppose 132*l = 136*l - j. What is the tens digit of l?
7
What is the units digit of (-126)/(-63)*(-4633)/(-2)?
3
Let q(y) = -26*y + 1318. What is the units digit of q(23)?
0
Let y = -3821 + 3868. What is the units digit of y?
7
Suppose 69660 - 1749324 = -42*n. What is the hundreds digit of n?
9
Let j be (220/6 - 43/129)*57. Suppose 4*v - 4*s - 2597 = -v, 4*v - s = j. What is the hundreds digit of v?
5
Suppose 11*a + 3*c = 8*a + 36, -30 = -4*a + 5*c. Let r(h) = h**3 + 11*h**2 - 12*h - 37. What is the tens digit of r(a)?
4
Let x(y) = 106*y + 96. Let v be x(10). What is the units digit of v/102*(2 + (-56)/(-2))?
0
Let o be (-55)/15 - 2/6. Let h(x) = -7*x**2 + 10*x - 9. Let d(f) = -8*f**2 + 11*f - 11. Let a(w) = 4*d(w) - 5*h(w). What is the tens digit of a(o)?
7
Let i = -417 + 615. Suppose -i = -p + 12. Suppose p + 222 = 4*s. What is the tens digit of s?
0
What is the hundreds digit of 11/(-187)*-2 + 372360/68?
4
Suppose 0 = -336*b + 346*b - 41400. Let p = b + -2861. What is the hundreds digit of p?
2
Let r = -10847 + 16439. What is the tens digit of r?
9
Let p(m) = -981*m - 12. Let v be p(-6). Suppose 38*y - 44*y = -v. What is the hundreds digit of y?
9
Suppose 2*b + 2*x - 14 = 0, -5*b - 51 = -4*x - 68. Let v(k) = k + 7. Let t be v(-5). Suppose 435 = b*m + t*i, -3*m + i = 2*m - 435. What is the tens digit of m?
8
Let a be 100/15*6/5. Let d(j) = j**2 - 11*j + 26. Let i be d(a). Suppose i*m + o = 102, 0 = -2*m + m + 3*o + 37. What is the tens digit of m?
4
Let j = -1071 + 1930. Let v = j - 468. What is the tens digit of v?
9
Let t(u) = 676*u**2 + 81*u - 846. What is the tens digit of t(9)?
3
Let j(t) = -17*t - 35. Let c(z) be the first derivative of z**2/2 + z + 11. Let b(n) = 2*c(n) + j(n). What is the tens digit of b(-5)?
4
Suppose 3 = 4*k + 23, 0 = -5*z - 3*k - 15. Suppose z = -8*m + 679 + 1449. Suppose -8*x + 970 - m = 0. What is the units digit of x?
8
Suppose -2*l + 15402 = -36*l. Let n = l + 536. What is the units digit of n?
3
Let h be -6 + 5 + (-9)/(12/4). Let q be (-1 + 53*h)/(36/(-24)). Suppose q = p + 31. What is the hundreds digit of p?
1
Let x(i) = -1781*i**3 + 2*i**2 - 68*i - 69. What is the tens digit of x(-1)?
8
Let n = -14 + 31. Suppose 26*g - 5*g = 2100. Suppose -19*m + g = -n*m. What is the units digit of m?
0
Suppose -20*s - 18523 + 137023 = 0. What is the units digit of s?
5
Suppose 2*i = -5*z + 17723, -35*i + 4*z = -32*i - 26527. What is the units digit of i?
9
Suppose -4*i = -4*c + 1180, -4*c + 1944 = -2*i + 750. What is the hundreds digit of c?
3
Suppose 0 = 3*v + 5*z - 30, -6*v + 4*z = -11*v + 37. Suppose v*r = -a + 2117, 0*r - 4*r + 1699 = -a. What is the units digit of r?
4
Let w(l) = -4*l - l + 0*l + 97*l**2 + 1 + 6*l. Suppose -3*q + 0*v + 3 = -5*v, 4*q - v = 4. What is the units digit of w(q)?
9
Suppose 3*t + 10*t - 5278 = 0. Let o = 1350 - t. What is the tens digit of o?
4
Suppose 15097*l - 15109*l = -235356. What is the thousands digit of l?
9
Suppose 0 = -2*t + 4*z + 162, t = 5*t - 4*z - 320. Suppose -t = -4*p + 321. What is the units digit of p?
0
Suppose -3*x - n = 994 + 16, -5*x - 1682 = n. Let g = x - -699. What is the tens digit of g?
6
Suppose 2*f - 1046 = 3*f. Let g = f + 1690. What is the hundreds digit of g?
6
What is the hundreds digit of (-5 - (71823/(-6) + -3))*2?
9
Let x(n) = -76*n - 45. Let g be x(5). Let l = 925 + g. What is the tens digit of l?
0
Let k = -84 + 2067. Suppose u + 3*u - 5*c = k, 3*c = -9. What is the tens digit of u?
9
Let q(f) = 11*f**2 - 6*f + 15. Let v(m) = -m**3 + 27*m**2 - 25*m - 15. Let w be v(26). What is the tens digit of q(w)?
8
Suppose -20 = -5*z - 4*m, 